e 89 = r*t + c - 2*c, -2*t = 3*c - 27. Is t a prime number?
False
Suppose 9 + 12 = 3*d. Let b = d + -4. Suppose b*w - 15 = 24. Is w composite?
False
Let d(i) = i**3 - 4*i**2 - 5*i - 3. Let t = 11 - 3. Is d(t) a composite number?
True
Let n = -5 - -43. Suppose n = 5*l + 8. Suppose -l*k = -2*k - 100. Is k a composite number?
True
Suppose -5*w = -1414 - 2301. Is w a prime number?
True
Let z(g) = -26*g**3 + g**2 - 1. Suppose 2*q - 3*d + 12 - 1 = 0, 4*q = -d + 13. Suppose q*t = -2*t - 8. Is z(t) composite?
False
Let i(m) = m - 2 - 6*m + 6*m + 2*m**2 - 5. Suppose -3*a - 2*a = 25. Is i(a) a prime number?
False
Suppose d - 3*d = 0. Let o(i) = i**3 - i**2 + 59. Is o(d) composite?
False
Let u(d) = 3*d + 2*d**2 - 6 + 0*d**2 + 8 - d**2. Let n be u(-4). Is (268/n)/((-8)/(-12)) a composite number?
False
Let n(a) = a**3 + 9*a - 2 + 1 + 3 + 10*a**2. Let g be n(-9). Suppose -47 - 45 = -g*j. Is j a prime number?
False
Suppose -6 = -4*f + d, f = 2*d + 3*d + 11. Suppose -3*z + 2*z + 35 = -3*s, 2*s = -5*z + 158. Let j = z + f. Is j prime?
False
Suppose -4*l + l + 48 = 0. Let k = -9 - l. Let o = 39 + k. Is o a prime number?
False
Let k(v) = -4*v**2 - 10*v + 10. Let m(r) = 5*r**2 + 10*r - 10. Let w(j) = 4*k(j) + 3*m(j). Is w(-9) composite?
False
Let y(a) = a**3 + 12*a**2 + 2*a + 20. Let r be y(-12). Let j(h) = -25*h - 21. Let m(g) = -13*g - 11. Let w(d) = 6*j(d) - 11*m(d). Is w(r) a prime number?
True
Suppose r = -r. Suppose -g + h + 5 = 2*h, -4*h + 8 = r. Suppose -63 = -g*m + 219. Is m composite?
True
Suppose -f - 1 = t + 12, 2*t + 5*f + 32 = 0. Let x = 15 + t. Suppose -4*b + 10*a - 5*a + 86 = 0, x*b + 3*a = 70. Is b composite?
False
Let u(n) = n**2 + 5*n + 1. Let h be u(-10). Let j be 3/6*(-1 + h). Suppose -4*t - 3*q = -139, t - q = 1 + j. Is t composite?
False
Suppose 0 = -4*d + d + 753. Suppose 0*t - t + d = 0. Is t a prime number?
True
Let x be 4/(-6) - (-10)/(-3). Let f be 2/x*(-2 - -4). Is 0 + f + -1 + 99 a composite number?
False
Suppose -2*x + 82 = -4*q, 3*x = 2*q - 3 + 106. Is x composite?
False
Let a = 206 + -147. Is a composite?
False
Is (12 + -11)*13*89 prime?
False
Suppose 2*l + 3*l = -2*q + 438, 862 = 4*q + 3*l. Is q a prime number?
False
Let a(w) = -w**3 - w + 161. Suppose 0 = -4*h + 5*h. Is a(h) a prime number?
False
Suppose 2*b + b = 5*a - 47, 4*a = -4*b - 52. Let r = 9 + b. Let u = r + 8. Is u composite?
False
Let j be -22*(15/2 - 3). Let h = j - -171. Suppose 0 = 3*m - h - 21. Is m a composite number?
False
Let j = -6 - -19. Let l = 98 - j. Is l a composite number?
True
Let u be (-13)/(-3) - 2/6. Let n = u - 5. Is (3 + -7 + -3)*n a prime number?
True
Let w(i) = -2*i**3 - 11*i**2 + 8*i + 11. Let y be w(-8). Let p = y + -164. Is p a prime number?
True
Let p = -10 + 12. Suppose p*b - 80 = 30. Is b composite?
True
Let f = -9 - -15. Let u = f - 4. Is (3/(-6))/(u/(-52)) composite?
False
Let q(p) = 3*p - 9. Let n be q(7). Let a = n - 8. Suppose 3*r - a*z - 14 = 0, 2*r - r + 2 = 3*z. Is r prime?
False
Let y(x) = 13*x**2 + 10*x + 24. Is y(-7) a composite number?
True
Is (1*(-1)/(-2))/((-9)/(-15102)) composite?
False
Suppose r = m + 9, m = 5*r - 2*m - 47. Let p(o) = 13*o - 15. Is p(r) composite?
True
Let q be 2581/(-5) - 1/(-5). Let b = 911 + q. Suppose 3*x - 106 = b. Is x a prime number?
True
Let f be 5*(-3 - 4/(-1)). Suppose -f*v - 27 = -122. Is v a composite number?
False
Suppose -4*v - 2 = 2*q, 12 = 3*v - 6*q + 3*q. Let o = v - -34. Is o composite?
True
Suppose 4*c - 167 = -3*m + 6, 2 = -2*c. Let j = 50 + m. Is j a prime number?
True
Suppose 3*i + 10417 = 4*s, 0*i - 13908 = 4*i + 4*s. Is i/(-45) - (-2)/(-9) a composite number?
True
Let w be 10 - (2 + -3) - 2. Let s(z) = 4*z + 13. Is s(w) prime?
False
Let v = 5 - 5. Let d(w) = -w**3 + 4*w**2 - 2*w + 4. Let y be d(4). Is y + 2 + v + 93 prime?
False
Let s(i) = -5*i + 6 + 3*i + 4*i**2 + 3 + 4*i. Is s(-6) prime?
False
Let s(o) = 4 - 4*o - 2*o - 15*o. Is s(-3) a composite number?
False
Let w = 12 - 17. Let y(f) = -f - 5. Let v be y(w). Suppose 3*m - 2*k - 16 = v, 5*m - 4*k = 10 + 16. Is m a prime number?
False
Let x(t) = 15*t - 7. Let u = -2 + 8. Is x(u) composite?
False
Suppose 2*u - 11 = a, -4*u - 2*a + 5*a = -27. Suppose -2*l - 2*l = u*s - 72, -4*s = 2*l - 26. Is l composite?
True
Let z = -6 - 0. Let p(c) = -c**3 - 5*c**2 - 10*c - 8. Let n be p(z). Suppose n = 5*h - 87. Is h a prime number?
False
Suppose 0*i + 5*i - 1655 = 0. Is i a composite number?
False
Suppose -12 - 4 = 4*k. Let d = k + 7. Suppose -d*z + 643 = 5*q, -3*q = 2*z - 4*z - 401. Is q a composite number?
False
Suppose -8*j = -5*j - 255. Is j a prime number?
False
Is ((-20)/(-6))/((-18)/(-3051)) prime?
False
Let s = -291 + 867. Suppose 3*w - 416 = 5*k, -4*w - 2*k - 2*k + s = 0. Is w composite?
True
Let l(u) = u**2 - 20*u - 7. Is l(-6) a prime number?
True
Suppose 12*h - 2154 = 9*h + 3*u, 2878 = 4*h + 2*u. Is h a composite number?
False
Suppose 2*f = k - 12, -3*k + 8 = 5*f + 27. Suppose k*l + 1 = 5. Suppose -l*s + 9 = -53. Is s prime?
True
Let j = 7059 + -4082. Is j a prime number?
False
Let w = -166 + 365. Is w composite?
False
Let g = 3005 + -1924. Is g a prime number?
False
Suppose 2*f - 3*m - 2*m = 213, 3*m = f - 104. Is f a prime number?
False
Let p = -1353 - -1922. Suppose 0 = 2*m - 1683 + p. Is m a prime number?
True
Let y = -115 + 494. Is y a composite number?
False
Let w(g) be the third derivative of g**6/120 + g**5/20 - g**4/8 + g**3/2 - 2*g**2. Let q be w(-4). Is q*3*53/(-3) composite?
False
Suppose 0 = -5*c + 957 - 62. Is c a composite number?
False
Suppose 1 = -3*l + 4. Let b(x) = 248*x**3 - x**2. Is b(l) composite?
True
Let d(n) = n. Let q be d(5). Let m(t) = -q*t**2 - 4 - 5*t - 3*t**3 + 2 + 0. Is m(-3) a prime number?
False
Suppose -5*j + 6183 = 4*j. Is j a prime number?
False
Let i be (-4)/10 - (-28)/(-5). Let k(a) = -a**2 - 5*a + 8. Let w be k(i). Suppose 12 = w*h - 14. Is h a prime number?
True
Suppose -5*l = -325 - 420. Is l a prime number?
True
Suppose -294 = -5*p + 516. Let c = p + -31. Is c prime?
True
Let t be -3*(9/3 - 2). Let k = 14 - t. Let r = k + 20. Is r composite?
False
Let i be (-1)/(-2) - 3/6. Suppose 64 = 5*x + 2*n, i = -6*x + 4*x - 4*n + 16. Is x/(-21) - (-970)/6 a composite number?
True
Let p = -23 + 14. Let c = -5 + 2. Let z = c - p. Is z prime?
False
Let m(h) = -h - 1 - h - h + h. Is m(-4) composite?
False
Suppose -3*a - 3*t = -2*t - 95, -2*a = 4*t - 80. Is ((-46)/(-6))/(2/a) a composite number?
True
Suppose -3*c + 1854 = -3*p, -2*p - 452 = -c + 161. Is c a prime number?
False
Suppose 4*k - k + 4*i = -6, 4*k = -4*i - 4. Let d be (-6)/(-4 + k)*1. Is (d/(-3))/3*-699 composite?
False
Let o = 131 - 4. Is o a prime number?
True
Let g = 7 + 2. Suppose -g*z = -4*z. Suppose -3*x - 3*o = -55 - 20, 5*x + 4*o - 126 = z. Is x a composite number?
True
Let n be 3/(-3) - (-10)/(-2). Let z = n - -8. Suppose -459 = -3*b + o + z*o, 2*b = o + 302. Is b a prime number?
True
Suppose 0 = 5*h - r - 2*r + 93, 0 = 2*h - 3*r + 30. Is (-6)/h + 2278/14 prime?
True
Let a = -1059 - -1510. Is a prime?
False
Suppose -3*t = 11 + 1. Let k(y) = -13*y - 4 - 3 + 1. Is k(t) a composite number?
True
Suppose -2*h - 7 = -5*h + b, 3*h - 3*b = -3. Suppose -h*t = -26 - 74. Is t a composite number?
True
Suppose 2*o - 7*o + 30 = 0. Let z(r) = o - 8*r + 0 + 7. Is z(-9) a prime number?
False
Suppose 5*p - 2631 = 2704. Is p composite?
True
Let u(r) = -29*r**3 + 2*r**2 + 2. Let y be u(-2). Suppose 3*x - 235 = y. Is x composite?
True
Suppose 0 = -a + 9 + 50. Is a composite?
False
Suppose 2*l = 1 - 9. Let z be ((-8)/2)/(l/6). Suppose 6 = -q - 3*d, z*d - 16 = -4*q + 2*d. Is q prime?
False
Let l = 64 - 39. Is l a composite number?
True
Let c(h) = 3*h + 1. Let j be c(-1). Let b be -4 - -2 - (-128)/j. Is (-2)/(-11) + (-8370)/b a prime number?
True
Let f(o) = -o**2 + 38*o - 15. Is f(16) a prime number?
True
Let f(r) = -r**3 + r**2 + 7*r**2 - 4 - 2*r + 4. Is f(7) a prime number?
False
Let p(x) be the first derivative of -x**3/3 + 7*x**2/2 + 4*x + 2. Let t be p(6). Suppose z + 2*v - t = 24, -2*z = 2*v - 68. Is z prime?
False
Let i be (12/30)/((-1)/220). Let s = 184 + i. Let k = s + 23. Is k prime?
False
Let b(k) = -k**3 + 16*k**2 + 36*k + 24. Is b(17) prime?
True
Is (-2 + (-20)/(-8))*(2 - -18) a composite number?
True
Let w = 4 - 4. Suppose -4*q + 84 + 568 = w.